le of 67?
False
Is 41114910 a multiple of 10?
True
Is 121699845 a multiple of 6327?
True
Is 11831310 a multiple of 141?
True
Is 267 a factor of 7983033?
True
Is 18 a factor of 1821746?
False
Does 162 divide 18461682?
True
Does 429 divide 8275233?
False
Is 284 a factor of 1122690492?
False
Is 368 a factor of 4044150352?
True
Is 1665 a factor of 387227962?
False
Is 2346132096 a multiple of 11?
True
Is 7100 a factor of 1187730600?
True
Does 947 divide 129100722?
True
Is 130891656 a multiple of 43?
True
Is 698 a factor of 1370273781?
False
Is 209892528 a multiple of 904?
True
Is 189 a factor of 57999001?
False
Is 780 a factor of 1887147417?
False
Does 70 divide 1192909?
False
Is 1144413484 a multiple of 3772?
True
Does 69 divide 1401446119?
False
Does 12 divide 580032839?
False
Is 17443944 a multiple of 371?
False
Does 137 divide 1065502371?
False
Does 1152 divide 4720798080?
True
Does 706 divide 19876018?
True
Is 635 a factor of 102904925?
True
Does 14 divide 231001036?
True
Is 5075 a factor of 241749902?
False
Is 143 a factor of 32518273?
False
Is 61986820 a multiple of 35?
True
Does 554 divide 552837720?
False
Is 584370874 a multiple of 40?
False
Is 69 a factor of 21356673?
True
Is 17372178 a multiple of 6?
True
Is 241222928 a multiple of 523?
False
Is 2306 a factor of 37654705?
False
Is 719512842 a multiple of 159?
True
Is 26 a factor of 77952134?
True
Is 322 a factor of 46246208?
False
Does 120 divide 3239837?
False
Is 102466171 a multiple of 859?
False
Does 20 divide 207374270?
False
Does 33 divide 170735301?
True
Does 1784 divide 314313526?
False
Does 454 divide 102922516?
False
Does 284 divide 109125863?
False
Is 17 a factor of 66163605?
False
Is 2031 a factor of 4852643928?
True
Is 17 a factor of 107873449?
True
Does 2635 divide 59118860?
True
Is 323197 a multiple of 36?
False
Does 103 divide 212133020?
False
Is 2180452580 a multiple of 211?
False
Does 2439 divide 1839496639?
False
Is 266500878 a multiple of 1563?
True
Is 275 a factor of 11433950?
True
Does 1082 divide 1378886734?
True
Does 84 divide 3948598?
False
Is 7 a factor of 166687514?
True
Is 58 a factor of 20870284?
False
Does 24 divide 1385482248?
True
Is 50 a factor of 128112668?
False
Is 774733895 a multiple of 332?
False
Does 137 divide 7452389?
True
Does 40 divide 826443558?
False
Does 345 divide 1533956940?
True
Is 406862463 a multiple of 1373?
True
Does 265 divide 164669575?
False
Is 168 a factor of 3300000355?
False
Is 31 a factor of 33953494?
True
Is 474154016 a multiple of 368?
True
Is 19686912 a multiple of 112?
True
Does 49 divide 1703369997?
True
Is 2882763492 a multiple of 106?
True
Is 2552 a factor of 4211226302?
False
Is 110 a factor of 48939660?
True
Is 15090590 a multiple of 31?
False
Is 62735214 a multiple of 16?
False
Does 33 divide 122561307?
True
Does 423 divide 115871967?
True
Is 87597312 a multiple of 64?
True
Is 31444812 a multiple of 14?
True
Is 3 a factor of 21745500?
True
Is 143 a factor of 34304842?
True
Is 935 a factor of 18522786?
False
Is 27 a factor of 1047294344?
False
Does 4 divide 378298540?
True
Does 8 divide 34264161?
False
Does 259 divide 51184357?
True
Does 3161 divide 40147861?
True
Is 14 a factor of 4118030?
True
Is 621 a factor of 242985501?
True
Does 615 divide 32160195?
True
Does 168 divide 168669109?
False
Does 590 divide 5124976590?
True
Is 237675196 a multiple of 1870?
False
Does 547 divide 95424275?
False
Does 250 divide 1917088?
False
Does 150 divide 80882728?
False
Does 321 divide 133076649?
True
Does 314 divide 879078727?
False
Does 74 divide 69042444?
True
Is 121089577 a multiple of 3763?
True
Does 762 divide 29675328?
True
Is 2730396519 a multiple of 639?
True
Does 874 divide 15015320?
True
Is 13214 a factor of 2431917691?
False
Does 65 divide 687359140?
True
Is 53883000 a multiple of 1800?
True
Does 289 divide 123093481?
True
Is 101 a factor of 1555097?
True
Does 180 divide 34622778?
False
Is 10 a factor of 1055792472?
False
Is 2139515724 a multiple of 2283?
False
Does 6 divide 32234604?
True
Does 859 divide 486921961?
False
Does 35 divide 104895998?
False
Is 17192499 a multiple of 1968?
False
Is 160 a factor of 114735410?
False
Is 319044747 a multiple of 66?
False
Is 2388 a factor of 557268348?
False
Is 17 a factor of 38999975?
False
Does 38 divide 70629776?
False
Does 1163 divide 31992364?
False
Is 22 a factor of 155613216?
True
Is 40 a factor of 136644561?
False
Is 6 a factor of 175373575?
False
Is 1190449883 a multiple of 11?
False
Is 2108995392 a multiple of 84?
True
Is 21002688 a multiple of 72?
True
Is 19539364 a multiple of 390?
False
Does 19 divide 17768458?
True
Is 290745 a multiple of 315?
True
Is 24 a factor of 2154019442?
False
Is 54 a factor of 136728240?
False
Does 1151 divide 1512607187?
False
Is 1389 a factor of 958287768?
True
Does 512 divide 30083584?
True
Does 23 divide 326933086?
True
Does 83 divide 726670216?
False
Is 2665 a factor of 129167456?
False
Does 84 divide 197443424?
False
Does 78 divide 217284756?
True
Does 2 divide 2995700?
True
Is 95237361 a multiple of 1359?
True
Does 194 divide 10763702?
True
Is 30 a factor of 53133840?
True
Does 60 divide 32556348?
False
Is 94 a factor of 43167427?
False
Is 6805101840 a multiple of 16?
True
Does 1102 divide 6378935816?
True
Does 99 divide 327604978?
False
Is 7 a factor of 743627298?
False
Is 47100363 a multiple of 32?
False
Is 4692900 a multiple of 100?
True
Does 23 divide 18454464?
True
Is 8007 a factor of 847912698?
False
Does 2498 divide 312292466?
True
Is 64 a factor of 14018240?
True
Is 36113688 a multiple of 26?
True
Is 395 a factor of 5628648880?
True
Is 350 a factor of 3244366650?
True
Is 298926837 a multiple of 53?
True
Does 1964 divide 168189935?
False
Is 50 a factor of 25747600?
True
Does 5 divide 132443753?
False
Is 755 a factor of 666433970?
True
Does 125 divide 119221631?
False
Does 869 divide 195227802?
True
Is 400613499 a multiple of 127?
True
Is 4232 a factor of 762970352?
True
Does 2569 divide 170695012?
False
Is 627147972 a multiple of 12?
True
Does 218 divide 164619648?
True
Is 20 a factor of 22894460?
True
Is 14933755 a multiple of 12?
False
Does 39 divide 40770951?
True
Is 57985603 a multiple of 244?
False
Is 2621 a factor of 558866742?
False
Is 1626600562 a multiple of 1049?
False
Does 55 divide 58637590?
True
Is 189648135 a multiple of 27?
True
Is 112 a factor of 46788406?
False
Is 35445416 a multiple of 2468?
True
Is 2962202870 a multiple of 22?
True
Is 1307122917 a multiple of 544?
False
Does 61 divide 627821681?
False
Is 68435944 a multiple of 2328?
False
Is 11731753 a multiple of 261?
False
Is 3518647 a multiple of 5?
False
Is 4892709 a multiple of 5?
False
Does 573 divide 1823295119?
False
Is 187 a factor of 357029868?
False
Does 223 divide 313954394?
False
Is 58 a factor of 353607370?
False
Is 106778040 a multiple of 636?
True
Does 553 divide 6480607?
True
Is 522 a factor of 731586132?
True
Does 233 divide 4739919?
True
Is 20362344 a multiple of 707?
False
Is 114995160 a multiple of 164?
True
Is 46580612 a multiple of 442?
True
Is 229385993 a multiple of 19?
True
Is 20903610 a multiple of 1330?
True
Does 8 divide 196257254?
False
Is 2144499933 a multiple of 3239?
False
Is 195745543 a multiple of 39?
False
Does 4 divide 523649290?
False
Does 647 divide 1315737268?
False
Does 7 divide 1755334646?
False
Is 10 a factor of 48960011?
False
Is 292 a factor of 7805874?
False
Is 122378572 a multiple of 966?
False
Is 223 a factor of 4625020?
True
Does 79 divide 67860605?
True
Is 130124358 a multiple of 119?
True
Is 16 a factor of 1601927242?
False
Does 403 divide 358651263?
False
Is 39079528 a multiple of 622?
False
Does 41 divide 763251859?
True
Is 30 a factor of 89597730?
True
Is 302 a factor of 351114688?
False
Is 24638780 a multiple of 68?
True
Is 5 a factor of 287709218?
False
Is 52 a factor of 97196944?
True
Is 11 a factor of 235113285?
True
Is 2061 a factor of 33050035?
False
Does 94 divide 421547418?
True
Is 425 a factor of 1516843183?
False
Is 91 a factor of 596790103?
True
Is 11 a factor of 154476054?
False
Is 590 a factor of 393427415?
False
Is 1442 a factor of 176756923?
False
Is 208 a factor of 120119693?
False
Does 31 divide 61638757?
True
Is 7679 a factor of 1901697495?
False
Does 859 divide 1224560363?
False
Does 1